pose -4*t + 0*t + 8 = 4*i, i - 3*t = 6. Calculate p(i).
4
Let k = -11 - -5. Let g(b) be the first derivative of b**3/6 + b**2/2 + 3*b - 2. Let o(p) be the first derivative of g(p). Calculate o(k).
-5
Let b(i) = -12*i**2 + 1. Let t(s) = -2*s - 5. Let x be t(-3). What is b(x)?
-11
Let c(p) = p + 5 - 2 - 4 + 4. Determine c(7).
10
Suppose 0*k + 5*b - 20 = -2*k, k - 2*b + 8 = 0. Let p(c) = -c**3 - c - 8. Give p(k).
-8
Suppose -5*c - 11*c = -144. Let n(t) = -t**2 + 7*t + 13. Give n(c).
-5
Let s(d) be the second derivative of -d**4/12 - 2*d**3/3 + 14*d. Give s(-4).
0
Let o(q) = q**2 + 8*q + 6. Suppose -3*b - 20 = -g, 2*b + 4*g + 4 = -0*b. Let z(j) = j**2 + 7*j + 5. Let m(i) = b*z(i) + 5*o(i). Let a = 5 + -8. What is m(a)?
-3
Let w(l) be the third derivative of 5/6*l**3 - 1/60*l**5 + 0*l + 1/6*l**4 + 0 + l**2. Suppose 65*m = 55*m + 40. Determine w(m).
5
Suppose -3*d = -d - 8. Let x be (d/6)/((-8)/(-12)). Let u(v) = 10*v - 1. What is u(x)?
9
Let i(f) = -f**3 - 5*f**2 - 3*f + 5. Let q be i(-5). Suppose t = 5*t + q. Let k(m) = -m**3 - 5*m**2 + m - 3. Determine k(t).
-8
Let g(o) be the second derivative of -o**5/20 - o**4/6 + o**3/2 - o**2 - 5*o. Calculate g(-3).
-2
Let p(u) be the third derivative of u**4/24 + 2*u**3/3 + u**2. Let x(n) = 4*n. Let i be x(-1). Let m be 0 + -1 + 1 + i. Give p(m).
0
Let w(a) = -a + 5. Let h be ((-6)/(-9))/(2/9). Suppose 2*s = h*s - 6. Let x(m) = -m**2 + 5*m + 6. Let v be x(s). Give w(v).
5
Let w(n) = n**3 + 6*n**2 + 2*n + 6. Suppose -3*f - 7 - 11 = 0. Calculate w(f).
-6
Let h = -9 + 9. Let q(u) = -3*u**2 + h*u**3 + 1 + u + 5*u**3 - 4*u**3. What is q(3)?
4
Let d(q) be the second derivative of -q**7/2520 - q**6/120 - q**5/40 - q**4/12 + 4*q. Let j(h) be the third derivative of d(h). Give j(-2).
5
Let g(y) = -y**3 + 2*y**2 - 3*y + 1. Let j(q) = -q**3 + 4*q**2 + 2*q - 6. Suppose 0 = 2*w + 6, -5*n + 0*w = 3*w - 11. Let i be j(n). Give g(i).
-5
Let w(r) be the second derivative of -1/4*r**4 + 0 - 2*r + 1/20*r**5 + 0*r**3 + 1/2*r**2. Let a = -2 + 3. Give w(a).
-1
Let g(a) be the third derivative of -a**6/120 + a**5/60 + a**4/24 - a**3/3 - 11*a**2. What is g(2)?
-4
Let b(r) = -r**2 + 3*r - 2. Suppose 3*w + 48 = 54. Calculate b(w).
0
Let p(s) = 0 - 3 - 3 + s. Let o be ((-1)/(-3))/((-2)/(-30)). Give p(o).
-1
Let f(u) be the third derivative of -1/12*u**4 + 0*u + 0 + 1/3*u**3 - 2*u**2. Give f(2).
-2
Let w(h) be the first derivative of h**4/4 + 2*h**3 + 5*h**2/2 + 6*h + 3. Suppose -k + 0*u = -2*u + 11, 3*k + 18 = u. Determine w(k).
6
Let v(g) = -g**3 - 2*g**2 + 1. Let t = -9 - -17. Let u be (-6)/t*(-1 - 3). Suppose 2*q - 1 = u*q. What is v(q)?
0
Let o(r) = 2 - 3 - 3*r**2 - r + r**2. Let y be ((-6)/9)/(1/(-12)). Suppose x - 2*t + 1 = -2*x, y = -3*x - 5*t. Determine o(x).
-2
Let r(i) = i**2 - 4*i - 3. Suppose 4*s - 4 = 4. Suppose s*t = 4*q - 46, -3*t = q - 3*q + 53. Let n be 4/10 - 39/t. Calculate r(n).
-6
Let p(b) be the second derivative of -b**5/20 + 5*b**4/12 + 2*b**3/3 - b**2 - 29*b. What is p(3)?
28
Let o(h) = -82*h - 84*h + 3 + 172*h. Give o(-5).
-27
Suppose -2*r = -l - 5, 12 = -5*r - 4*l - 8. Let d(c) = -c**2 - 3*c + 7. Let n(x) = -2*x**2 - 7*x + 13. Let j(o) = -5*d(o) + 2*n(o). Calculate j(r).
-9
Let q = 3 - 1. Suppose q*j = j + 3. Let m(s) = -5*s**3 + 4*s**3 + s**2 - 3*s**2 - j. What is m(-3)?
6
Let c(f) = -3*f - 6. Suppose 2*a + 12 = -a. Determine c(a).
6
Let p(l) be the third derivative of -l**6/120 + l**5/15 + l**4/12 - 11*l**2. What is p(4)?
8
Let a(f) = -f**3 - 4*f**2 - 3*f - 6. Let w be (-3)/(-3)*2 - 6. Let p be a(w). Let l(q) = q**2 - 5*q - 5. Calculate l(p).
1
Suppose -5*t = -t - 20. Let y(x) = 2*x - 5*x**2 - 4 + 3*x**3 + 4*x**3 - 6*x**3. What is y(t)?
6
Let n(p) = -p**3 + 19*p**2 + 19*p + 14. Let k be n(20). Let y(d) = -d**2 - 8*d - 6. Calculate y(k).
6
Suppose -3*k + 5*k = 256. Suppose 0 = -3*o + 7*o - k. Let b be o/12 - 4/6. Let v(s) = 4*s - 1. Determine v(b).
7
Let o(t) = 8*t + 3. Let i(r) = -12*r - 4. Let y(d) = 5*i(d) + 8*o(d). Determine y(-4).
-12
Suppose -4*w - s + 44 = -5*s, 4*w - 56 = s. Suppose 0*m = -5*m + w. Let k(y) = -y**2 - 3 - 3*y**m - y + 1 + 2*y**3 + 4*y**2. Determine k(3).
-5
Let t(c) = c**3 - 2*c**2 + 7*c - 6. Let b(d) = 2*d**3 - 3*d**2 + 15*d - 12. Let a(r) = 4*b(r) - 9*t(r). What is a(5)?
16
Suppose -6*f - 25 = -f. Let g(m) be the first derivative of -m**2/2 - 7*m + 2. Let w be g(f). Let t(b) = -b**3 - 2*b**2 - 3*b - 2. Give t(w).
4
Let k(z) be the first derivative of -z**2 + 4*z + 16. Let t = 4 - 1. What is k(t)?
-2
Suppose 3*n - 6 = 12. Let k(f) = n*f + 4 - 4. Give k(-1).
-6
Let d(x) = -6*x**2 + x + 1. Suppose 2 = -4*u + 2*u. Give d(u).
-6
Let k(i) = i. Let x = -7 - -11. Suppose 0*n = -2*n + x. What is k(n)?
2
Suppose 0 = -o - 5*a - 22, -5*o + 0*a = 3*a + 154. Let m be 6/21 + o/14. Let s(t) = 2*t**3 + 2*t**2 - 2*t. Calculate s(m).
-4
Let z(k) = -k**3 + 7*k**2 - k + 10. Suppose 0 = 3*x - 3*l - 6, -x - l - 4 = -16. Calculate z(x).
3
Let g(j) be the first derivative of j**3 + j**2 - 2*j - 4. What is g(-2)?
6
Let b(m) = -m**3 - 6*m**2 - 2*m - 1. Let u(j) = 3*j**3 + 12*j**2 + 5*j + 1. Let i(q) = 5*b(q) + 2*u(q). Give i(6).
-3
Let y(v) = -v**2 + 3*v + 2. Let w = -30 + 34. Determine y(w).
-2
Let c(p) be the first derivative of 1/2*p**2 - 4*p - 5. Determine c(5).
1
Let z be ((-20)/(-8))/1*8/5. Let k(b) = -b**3 + 2*b**2 + 5*b - 5. Determine k(z).
-17
Let a(m) be the second derivative of 5*m**4/24 + 5*m**3/6 - 9*m**2/2 - m. Let z(q) be the first derivative of a(q). Calculate z(-4).
-15
Let p(i) = 2*i**2 - i - 1. Suppose 0 = 3*k + 4*j + 23, k + k = 3*j + 13. Give p(k).
2
Let g(o) = -o + 3. Suppose 5*w = -2*l + 2, 0 = w + 5*l + 18 - 0. Suppose -8 = -3*j - 2*b, 8 = 3*j - 2*j - w*b. Let m be 3/(-6) - (-2)/j. Determine g(m).
3
Let g(f) = -3*f + f**2 - 4 + 1 + 1. Let w(t) = -2*t**2 - 4*t + 5. Let x be w(-4). Let y = 9 + x. Give g(y).
8
Let q(y) = 16*y - 5*y + 0*y + y**3 - 4*y - 7*y**2 - 4. Determine q(4).
-24
Let c(i) be the first derivative of i**6/360 - i**5/60 - i**4/8 - i**3/3 + 2. Let w(g) be the third derivative of c(g). What is w(4)?
5
Let w(g) = -3*g**2 + 0*g - g**2 - 2 - g**3 + 5*g + 5. Determine w(-5).
3
Suppose -k + 3*k - 20 = 0. Let p = k + -6. Let v be 4/(-8) - 14/p. Let j(x) = x**2 + 2*x - 4. Give j(v).
4
Let o(m) = -m**3 + m**2. Let v(s) = -9*s**3 - 2*s**2 + s. Let z(u) = -3*o(u) - v(u). Let n be (16/24)/(2/(-3)). Let g be (1/3)/(n/3). Determine z(g).
-12
Let c(v) = -v**2 + 6*v - 1. Let p = -5 - -3. Let n = p - -1. Let a = n + 4. Determine c(a).
8
Suppose 4*a + 0*a - 9 = y, -5*y + 4*a + 3 = 0. Let c(o) = 1. Let u(b) = -3*b + 5. Let x(d) = 4*c(d) - u(d). Give x(y).
8
Let h be (-3 - -4)*2 + 0. Let f(i) = 7*i**2 - 5*i**2 - 1 + 2*i**h. Let n = 3 - 4. Calculate f(n).
3
Let d(a) = a**3 + 10*a**2 + 9*a + 10. Suppose -3*z - 27 = -0. What is d(z)?
10
Let u(y) be the first derivative of y**4/4 + 2*y**3 + 3*y**2 + 2*y + 13. Give u(-5).
-3
Let t(i) = 2*i**3 - i + 3*i - i**2 + 1 - i**3 - 2*i**2. Let m = 7 + -5. Calculate t(m).
1
Let d(t) = 7*t. Let w(s) = -2*s**2 + 1. Let r be ((-2)/(-3))/((-4)/(-6)). Let z be w(r). What is d(z)?
-7
Let r = 33 - 36. Let q(b) = b - 1. Determine q(r).
-4
Let j(s) be the first derivative of s**2 + s + 2. Let m = 14 + -17. What is j(m)?
-5
Let v(j) = -46*j**2 + 96*j**2 - 3*j - 52*j**2. What is v(-2)?
-2
Let u = -3 + 7. Let a(b) = 3*b + 5. Calculate a(u).
17
Suppose -4*h = f + 2*f + 22, -3*h = -f + 10. Let o(a) = -a**3 - 4*a**2 - a + 3. Give o(h).
7
Let o(d) = -d - 2. Suppose 3*t - 25 = -4*v, 2*v - 20 = -4*t - 0*t. Calculate o(v).
-6
Let a(f) = 5*f**2 + 7 - f**3 - 7*f - 3 + 2 + f**2. Let z be (-3 - -3)*(-2)/4. Suppose z = -2*s - 3 + 13. What is a(s)?
-4
Let a(d) = -3*d**3 - 27*d**2 - 33*d - 26. Let w(p) = p**3 + 9*p**2 + 11*p + 9. Let i(q) = -4*a(q) - 11*w(q). Calculate i(-7).
26
Let w(s) = 3*s - 11. Let l(u) = -5*u + 16. Let t(c) = -5*l(c) - 8*w(c). Determine t(0).
8
Let i = 13 - 10. Suppose 0 = -u - 3*s - 9, -i*s - 6 - 3 = -2*u. Let k(b) = 4*b**3 + b + 5. Let g(y) = 3*y**3 + y + 4. Let a(f) = 5*g(f) - 4*k(f). What is a(u)?
0
Let q(x) = 59 - 33 - 33 - 4*x. What is q(-5)?
13
Suppose 0 = 5*v + d + 3 + 3, 3*v + d = -4. Let l(c) = 3*c**3 - 2*c**2 - 2*c - 1. Calculate l(v).
-4
Let b(h) = 3*h + 1. Let p(a) = -a. Let g be p(5). Let k(v) = -v - 3. Let l be k(g). Suppose 4 - 6 = l*t. 